Last updated on 2020-12-04 00:48:38 CET.
Flavor | Version | Tinstall | Tcheck | Ttotal | Status | Flags |
---|---|---|---|---|---|---|
r-devel-linux-x86_64-debian-clang | 0.1.1 | 45.39 | 73.45 | 118.84 | OK | |
r-devel-linux-x86_64-debian-gcc | 0.1.1 | 38.30 | 65.57 | 103.87 | OK | |
r-devel-linux-x86_64-fedora-clang | 0.1.1 | 164.44 | NOTE | |||
r-devel-linux-x86_64-fedora-gcc | 0.1.1 | 152.71 | OK | |||
r-devel-windows-ix86+x86_64 | 0.1.1 | 116.00 | 116.00 | 232.00 | OK | |
r-patched-linux-x86_64 | 0.1.1 | 45.83 | 71.31 | 117.14 | OK | |
r-patched-solaris-x86 | 0.1.1 | 227.00 | OK | |||
r-release-linux-x86_64 | 0.1.1 | 49.14 | 73.36 | 122.50 | OK | |
r-release-macos-x86_64 | 0.1.1 | NOTE | ||||
r-release-windows-ix86+x86_64 | 0.1.1 | 81.00 | 160.00 | 241.00 | OK | |
r-oldrel-macos-x86_64 | 0.1.1 | NOTE | ||||
r-oldrel-windows-ix86+x86_64 | 0.1.1 | 89.00 | 162.00 | 251.00 | OK |
Version: 0.1.1
Check: installed package size
Result: NOTE
installed size is 7.4Mb
sub-directories of 1Mb or more:
libs 7.1Mb
Flavors: r-devel-linux-x86_64-fedora-clang, r-release-macos-x86_64, r-oldrel-macos-x86_64