CRAN Package Check Results for Package zoon

Last updated on 2020-12-04 00:48:38 CET.

Flavor Version Tinstall Tcheck Ttotal Status Flags
r-devel-linux-x86_64-debian-clang 0.6.5 19.22 130.66 149.88 NOTE
r-devel-linux-x86_64-debian-gcc 0.6.5 14.52 112.14 126.66 NOTE
r-devel-linux-x86_64-fedora-clang 0.6.5 192.63 NOTE
r-devel-linux-x86_64-fedora-gcc 0.6.5 194.08 NOTE
r-devel-windows-ix86+x86_64 0.6.5 48.00 171.00 219.00 OK
r-patched-linux-x86_64 0.6.5 19.30 118.46 137.76 NOTE
r-patched-solaris-x86 0.6.5 324.10 NOTE
r-release-linux-x86_64 0.6.5 16.60 121.33 137.93 NOTE
r-release-macos-x86_64 0.6.5 NOTE
r-release-windows-ix86+x86_64 0.6.5 37.00 248.00 285.00 OK
r-oldrel-macos-x86_64 0.6.5 OK
r-oldrel-windows-ix86+x86_64 0.6.5 40.00 236.00 276.00 OK

Check Details

Version: 0.6.5
Check: package dependencies
Result: NOTE
    Package suggested but not available for checking: 'SDMTools'
Flavors: r-devel-linux-x86_64-debian-clang, r-devel-linux-x86_64-debian-gcc, r-devel-linux-x86_64-fedora-clang, r-devel-linux-x86_64-fedora-gcc, r-patched-linux-x86_64, r-patched-solaris-x86, r-release-linux-x86_64, r-release-macos-x86_64