CRAN Package Check Results for Package zdeskR

Last updated on 2020-12-04 00:48:38 CET.

Flavor Version Tinstall Tcheck Ttotal Status Flags
r-devel-linux-x86_64-debian-clang 0.1.0 4.33 40.95 45.28 OK
r-devel-linux-x86_64-debian-gcc 0.1.0 4.34 31.59 35.93 OK
r-devel-linux-x86_64-fedora-clang 0.1.0 58.04 NOTE
r-devel-linux-x86_64-fedora-gcc 0.1.0 47.84 NOTE
r-devel-windows-ix86+x86_64 0.1.0 13.00 43.00 56.00 OK
r-patched-linux-x86_64 0.1.0 5.45 37.03 42.48 OK
r-patched-solaris-x86 0.1.0 63.80 NOTE
r-release-linux-x86_64 0.1.0 5.44 39.16 44.60 OK
r-release-macos-x86_64 0.1.0 NOTE
r-release-windows-ix86+x86_64 0.1.0 10.00 59.00 69.00 OK
r-oldrel-macos-x86_64 0.1.0 NOTE
r-oldrel-windows-ix86+x86_64 0.1.0 8.00 53.00 61.00 OK

Check Details

Version: 0.1.0
Check: dependencies in R code
Result: NOTE
    Namespaces in Imports field not imported from:
     ‘tibble’ ‘tidyselect’
     All declared Imports should be used.
Flavors: r-devel-linux-x86_64-fedora-clang, r-devel-linux-x86_64-fedora-gcc, r-patched-solaris-x86, r-release-macos-x86_64, r-oldrel-macos-x86_64