CRAN Package Check Results for Package yuima

Last updated on 2020-12-04 00:48:38 CET.

Flavor Version Tinstall Tcheck Ttotal Status Flags
r-devel-linux-x86_64-debian-clang 1.9.6 133.46 211.49 344.95 OK
r-devel-linux-x86_64-debian-gcc 1.9.6 98.06 158.82 256.88 OK
r-devel-linux-x86_64-fedora-clang 1.9.6 418.30 NOTE
r-devel-linux-x86_64-fedora-gcc 1.9.6 381.92 OK
r-devel-windows-ix86+x86_64 1.9.6 266.00 300.00 566.00 NOTE
r-patched-linux-x86_64 1.9.6 107.34 194.19 301.53 OK
r-patched-solaris-x86 1.9.6 553.90 OK
r-release-linux-x86_64 1.9.6 111.00 193.07 304.07 OK
r-release-macos-x86_64 1.9.6 NOTE
r-release-windows-ix86+x86_64 1.9.6 189.00 429.00 618.00 NOTE
r-oldrel-macos-x86_64 1.9.6 NOTE
r-oldrel-windows-ix86+x86_64 1.9.6 205.00 394.00 599.00 OK

Additional issues

rchk

Check Details

Version: 1.9.6
Check: installed package size
Result: NOTE
     installed size is 6.5Mb
     sub-directories of 1Mb or more:
     R 1.9Mb
     libs 3.7Mb
Flavors: r-devel-linux-x86_64-fedora-clang, r-devel-windows-ix86+x86_64, r-release-macos-x86_64, r-release-windows-ix86+x86_64, r-oldrel-macos-x86_64