Last updated on 2020-12-04 00:48:37 CET.
Flavor | Version | Tinstall | Tcheck | Ttotal | Status | Flags |
---|---|---|---|---|---|---|
r-devel-linux-x86_64-debian-clang | 0.2 | 29.06 | 59.09 | 88.15 | NOTE | |
r-devel-linux-x86_64-debian-gcc | 0.2 | 17.56 | 40.74 | 58.30 | NOTE | |
r-devel-linux-x86_64-fedora-clang | 0.2 | 114.26 | OK | |||
r-devel-linux-x86_64-fedora-gcc | 0.2 | 95.89 | OK | |||
r-devel-windows-ix86+x86_64 | 0.2 | 62.00 | 72.00 | 134.00 | NOTE | |
r-patched-linux-x86_64 | 0.2 | 22.78 | 49.55 | 72.33 | NOTE | |
r-patched-solaris-x86 | 0.2 | 127.10 | OK | |||
r-release-linux-x86_64 | 0.2 | 22.57 | 51.42 | 73.99 | NOTE | |
r-release-macos-x86_64 | 0.2 | OK | ||||
r-release-windows-ix86+x86_64 | 0.2 | 51.00 | 94.00 | 145.00 | NOTE | |
r-oldrel-macos-x86_64 | 0.2 | OK | ||||
r-oldrel-windows-ix86+x86_64 | 0.2 | 50.00 | 88.00 | 138.00 | OK |
Version: 0.2
Check: package vignettes
Result: NOTE
Package vignette with placeholder title 'Vignette Title':
'xyz-vignette.Rmd'
Flavors: r-devel-linux-x86_64-debian-clang, r-devel-linux-x86_64-debian-gcc, r-devel-windows-ix86+x86_64, r-patched-linux-x86_64, r-release-linux-x86_64, r-release-windows-ix86+x86_64