Last updated on 2020-12-04 00:48:37 CET.
Flavor | Version | Tinstall | Tcheck | Ttotal | Status | Flags |
---|---|---|---|---|---|---|
r-devel-linux-x86_64-debian-clang | 1.8-4 | 2.45 | 61.70 | 64.15 | NOTE | |
r-devel-linux-x86_64-debian-gcc | 1.8-4 | 2.90 | 48.07 | 50.97 | NOTE | |
r-devel-linux-x86_64-fedora-clang | 1.8-4 | 83.53 | NOTE | |||
r-devel-linux-x86_64-fedora-gcc | 1.8-4 | 75.46 | NOTE | |||
r-devel-windows-ix86+x86_64 | 1.8-4 | 9.00 | 78.00 | 87.00 | OK | |
r-patched-linux-x86_64 | 1.8-4 | 2.35 | 59.92 | 62.27 | NOTE | |
r-patched-solaris-x86 | 1.8-4 | 108.50 | NOTE | |||
r-release-linux-x86_64 | 1.8-4 | 3.02 | 58.17 | 61.19 | NOTE | |
r-release-macos-x86_64 | 1.8-4 | OK | ||||
r-release-windows-ix86+x86_64 | 1.8-4 | 9.00 | 102.00 | 111.00 | OK | |
r-oldrel-macos-x86_64 | 1.8-4 | OK | ||||
r-oldrel-windows-ix86+x86_64 | 1.8-4 | 6.00 | 94.00 | 100.00 | OK |
Version: 1.8-4
Check: for non-standard things in the check directory
Result: NOTE
Found the following files/directories:
'xtable.html' 'xtable.tex'
Flavors: r-devel-linux-x86_64-debian-clang, r-devel-linux-x86_64-debian-gcc, r-devel-linux-x86_64-fedora-clang, r-devel-linux-x86_64-fedora-gcc, r-patched-linux-x86_64, r-patched-solaris-x86, r-release-linux-x86_64