Last updated on 2020-12-04 00:48:37 CET.
Flavor | Version | Tinstall | Tcheck | Ttotal | Status | Flags |
---|---|---|---|---|---|---|
r-devel-linux-x86_64-debian-clang | 1.3.2 | 18.15 | 40.06 | 58.21 | OK | |
r-devel-linux-x86_64-debian-gcc | 1.3.2 | 10.74 | 34.98 | 45.72 | OK | |
r-devel-linux-x86_64-fedora-clang | 1.3.2 | 80.06 | OK | |||
r-devel-linux-x86_64-fedora-gcc | 1.3.2 | 64.62 | OK | |||
r-devel-windows-ix86+x86_64 | 1.3.2 | 40.00 | 70.00 | 110.00 | NOTE | |
r-patched-linux-x86_64 | 1.3.2 | 14.00 | 41.21 | 55.21 | OK | |
r-patched-solaris-x86 | 1.3.2 | 85.90 | OK | |||
r-release-linux-x86_64 | 1.3.2 | 14.69 | 40.86 | 55.55 | OK | |
r-release-macos-x86_64 | 1.3.2 | WARN | ||||
r-release-windows-ix86+x86_64 | 1.3.2 | 33.00 | 80.00 | 113.00 | NOTE | |
r-oldrel-macos-x86_64 | 1.3.2 | OK | ||||
r-oldrel-windows-ix86+x86_64 | 1.3.2 | 32.00 | 86.00 | 118.00 | NOTE |
Version: 1.3.2
Check: installed package size
Result: NOTE
installed size is 5.1Mb
sub-directories of 1Mb or more:
libs 4.8Mb
Flavors: r-devel-windows-ix86+x86_64, r-release-macos-x86_64, r-release-windows-ix86+x86_64, r-oldrel-windows-ix86+x86_64
Version: 1.3.2
Check: re-building of vignette outputs
Result: WARN
Error(s) in re-building vignettes:
...
--- re-building ‘modification.Rmd’ using rmarkdown
Warning in engine$weave(file, quiet = quiet, encoding = enc) :
Pandoc (>= 1.12.3) and/or pandoc-citeproc not available. Falling back to R Markdown v1.
Error: processing vignette 'modification.Rmd' failed with diagnostics:
there is no package called 'stringi'
--- failed re-building ‘modification.Rmd’
SUMMARY: processing the following file failed:
‘modification.Rmd’
Error: Vignette re-building failed.
Execution halted
Flavor: r-release-macos-x86_64