CRAN Package Check Results for Package xlsxjars

Last updated on 2020-12-04 00:48:37 CET.

Flavor Version Tinstall Tcheck Ttotal Status Flags
r-devel-linux-x86_64-debian-clang 0.6.1 3.62 30.49 34.11 OK
r-devel-linux-x86_64-debian-gcc 0.6.1 2.94 26.50 29.44 OK
r-devel-linux-x86_64-fedora-clang 0.6.1 47.01 NOTE
r-devel-linux-x86_64-fedora-gcc 0.6.1 37.66 OK
r-devel-windows-ix86+x86_64 0.6.1 8.00 37.00 45.00 NOTE
r-patched-linux-x86_64 0.6.1 3.57 31.63 35.20 OK
r-patched-solaris-x86 0.6.1 56.50 NOTE
r-release-linux-x86_64 0.6.1 4.19 31.37 35.56 OK
r-release-macos-x86_64 0.6.1 NOTE
r-release-windows-ix86+x86_64 0.6.1 8.00 37.00 45.00 NOTE
r-oldrel-macos-x86_64 0.6.1 NOTE
r-oldrel-windows-ix86+x86_64 0.6.1 8.00 40.00 48.00 NOTE

Check Details

Version: 0.6.1
Check: installed package size
Result: NOTE
     installed size is 10.8Mb
     sub-directories of 1Mb or more:
     java 10.7Mb
Flavors: r-devel-linux-x86_64-fedora-clang, r-devel-windows-ix86+x86_64, r-patched-solaris-x86, r-release-macos-x86_64, r-release-windows-ix86+x86_64, r-oldrel-macos-x86_64, r-oldrel-windows-ix86+x86_64