CRAN Package Check Results for Package xgxr

Last updated on 2020-12-04 00:48:37 CET.

Flavor Version Tinstall Tcheck Ttotal Status Flags
r-devel-linux-x86_64-debian-clang 1.0.9 7.60 118.58 126.18 NOTE
r-devel-linux-x86_64-debian-gcc 1.0.9 7.35 89.13 96.48 NOTE
r-devel-linux-x86_64-fedora-clang 1.0.9 151.04 NOTE
r-devel-linux-x86_64-fedora-gcc 1.0.9 141.06 NOTE
r-devel-windows-ix86+x86_64 1.0.9 17.00 112.00 129.00 OK
r-patched-linux-x86_64 1.0.9 8.00 111.44 119.44 NOTE
r-patched-solaris-x86 1.0.9 169.40 NOTE
r-release-linux-x86_64 1.0.9 7.96 112.76 120.72 NOTE
r-release-macos-x86_64 1.0.9 OK
r-release-windows-ix86+x86_64 1.0.9 14.00 129.00 143.00 OK
r-oldrel-macos-x86_64 1.0.9 OK
r-oldrel-windows-ix86+x86_64 1.0.9 13.00 147.00 160.00 OK

Check Details

Version: 1.0.9
Check: package dependencies
Result: NOTE
    Package suggested but not available for checking: 'RxODE'
Flavors: r-devel-linux-x86_64-debian-clang, r-devel-linux-x86_64-debian-gcc, r-devel-linux-x86_64-fedora-clang, r-devel-linux-x86_64-fedora-gcc, r-patched-linux-x86_64, r-patched-solaris-x86, r-release-linux-x86_64