CRAN Package Check Results for Package xgboost

Last updated on 2020-12-04 00:48:37 CET.

Flavor Version Tinstall Tcheck Ttotal Status Flags
r-devel-linux-x86_64-debian-clang 1.2.0.1 194.53 245.60 440.13 NOTE
r-devel-linux-x86_64-debian-gcc 1.2.0.1 174.61 194.61 369.22 NOTE
r-devel-linux-x86_64-fedora-clang 1.2.0.1 583.96 NOTE
r-devel-linux-x86_64-fedora-gcc 1.2.0.1 544.06 NOTE
r-devel-windows-ix86+x86_64 1.2.0.1 371.00 296.00 667.00 NOTE
r-patched-linux-x86_64 1.2.0.1 191.64 223.97 415.61 NOTE
r-patched-solaris-x86 1.2.0.1 594.80 NOTE
r-release-linux-x86_64 1.2.0.1 196.72 217.48 414.20 NOTE
r-release-macos-x86_64 1.2.0.1 WARN
r-release-windows-ix86+x86_64 1.2.0.1 283.00 344.00 627.00 NOTE
r-oldrel-macos-x86_64 1.2.0.1 NOTE
r-oldrel-windows-ix86+x86_64 1.2.0.1 312.00 393.00 705.00 NOTE

Check Details

Version: 1.2.0.1
Check: for GNU extensions in Makefiles
Result: NOTE
    GNU make is a SystemRequirements.
Flavors: r-devel-linux-x86_64-debian-clang, r-devel-linux-x86_64-debian-gcc, r-devel-linux-x86_64-fedora-clang, r-devel-linux-x86_64-fedora-gcc, r-devel-windows-ix86+x86_64, r-patched-linux-x86_64, r-patched-solaris-x86, r-release-linux-x86_64, r-release-macos-x86_64, r-release-windows-ix86+x86_64, r-oldrel-macos-x86_64, r-oldrel-windows-ix86+x86_64

Version: 1.2.0.1
Check: installed package size
Result: NOTE
     installed size is 38.5Mb
     sub-directories of 1Mb or more:
     libs 37.7Mb
Flavors: r-devel-linux-x86_64-fedora-clang, r-devel-windows-ix86+x86_64, r-release-macos-x86_64, r-release-windows-ix86+x86_64, r-oldrel-macos-x86_64, r-oldrel-windows-ix86+x86_64

Version: 1.2.0.1
Check: whether package can be installed
Result: WARN
    Found the following significant warnings:
     WARNING: OpenMP is unavailable on this Mac OSX system. Training speed may be suboptimal.
Flavor: r-release-macos-x86_64