Last updated on 2020-12-04 00:48:37 CET.
Flavor | Version | Tinstall | Tcheck | Ttotal | Status | Flags |
---|---|---|---|---|---|---|
r-devel-linux-x86_64-debian-clang | 0.0.2 | 6.20 | 55.55 | 61.75 | OK | |
r-devel-linux-x86_64-debian-gcc | 0.0.2 | 5.55 | 45.97 | 51.52 | OK | |
r-devel-linux-x86_64-fedora-clang | 0.0.2 | 78.54 | OK | |||
r-devel-linux-x86_64-fedora-gcc | 0.0.2 | 68.53 | OK | |||
r-devel-windows-ix86+x86_64 | 0.0.2 | 14.00 | 59.00 | 73.00 | OK | |
r-patched-linux-x86_64 | 0.0.2 | 6.88 | 54.65 | 61.53 | OK | |
r-patched-solaris-x86 | 0.0.2 | 109.20 | OK | |||
r-release-linux-x86_64 | 0.0.2 | 6.72 | 53.51 | 60.23 | OK | |
r-release-macos-x86_64 | 0.0.2 | OK | ||||
r-release-windows-ix86+x86_64 | 0.0.2 | 11.00 | 85.00 | 96.00 | OK | |
r-oldrel-macos-x86_64 | 0.0.2 | WARN | ||||
r-oldrel-windows-ix86+x86_64 | 0.0.2 | 9.00 | 76.00 | 85.00 | OK |
Version: 0.0.2
Check: whether package can be installed
Result: WARN
Found the following significant warnings:
Warning: 'rgl_init' failed, running with rgl.useNULL = TRUE
Flavor: r-oldrel-macos-x86_64