CRAN Package Check Results for Package wv

Last updated on 2020-12-04 00:48:37 CET.

Flavor Version Tinstall Tcheck Ttotal Status Flags
r-devel-linux-x86_64-debian-clang 0.1.1 180.99 45.65 226.64 OK
r-devel-linux-x86_64-debian-gcc 0.1.1 114.30 34.18 148.48 OK
r-devel-linux-x86_64-fedora-clang 0.1.1 319.36 NOTE
r-devel-linux-x86_64-fedora-gcc 0.1.1 276.63 NOTE
r-devel-windows-ix86+x86_64 0.1.1 415.00 70.00 485.00 OK
r-patched-linux-x86_64 0.1.1 136.70 43.33 180.03 OK
r-patched-solaris-x86 0.1.1 230.70 NOTE
r-release-linux-x86_64 0.1.1 136.98 42.74 179.72 OK
r-release-macos-x86_64 0.1.1 NOTE
r-release-windows-ix86+x86_64 0.1.1 323.00 94.00 417.00 OK
r-oldrel-macos-x86_64 0.1.1 NOTE
r-oldrel-windows-ix86+x86_64 0.1.1 328.00 83.00 411.00 OK

Check Details

Version: 0.1.1
Check: installed package size
Result: NOTE
     installed size is 8.8Mb
     sub-directories of 1Mb or more:
     help 1.6Mb
     libs 6.9Mb
Flavors: r-devel-linux-x86_64-fedora-clang, r-release-macos-x86_64, r-oldrel-macos-x86_64

Version: 0.1.1
Check: dependencies in R code
Result: NOTE
    Namespace in Imports field not imported from: ‘simts’
     All declared Imports should be used.
Flavors: r-devel-linux-x86_64-fedora-clang, r-devel-linux-x86_64-fedora-gcc, r-patched-solaris-x86, r-release-macos-x86_64, r-oldrel-macos-x86_64