Last updated on 2020-12-04 00:48:37 CET.
Flavor | Version | Tinstall | Tcheck | Ttotal | Status | Flags |
---|---|---|---|---|---|---|
r-devel-linux-x86_64-debian-clang | 1.7.17 | 94.91 | 44.50 | 139.41 | OK | |
r-devel-linux-x86_64-debian-gcc | 1.7.17 | 58.65 | 35.65 | 94.30 | OK | |
r-devel-linux-x86_64-fedora-clang | 1.7.17 | 190.67 | NOTE | |||
r-devel-linux-x86_64-fedora-gcc | 1.7.17 | 163.49 | OK | |||
r-devel-windows-ix86+x86_64 | 1.7.17 | 212.00 | 79.00 | 291.00 | OK | |
r-patched-linux-x86_64 | 1.7.17 | 69.87 | 43.73 | 113.60 | OK | |
r-patched-solaris-x86 | 1.7.17 | 162.90 | OK | |||
r-release-linux-x86_64 | 1.7.17 | 70.98 | 43.50 | 114.48 | OK | |
r-release-macos-x86_64 | 1.7.17 | OK | ||||
r-release-windows-ix86+x86_64 | 1.7.17 | 167.00 | 105.00 | 272.00 | OK | |
r-oldrel-macos-x86_64 | 1.7.17 | OK | ||||
r-oldrel-windows-ix86+x86_64 | 1.7.17 | 160.00 | 97.00 | 257.00 | OK |
Version: 1.7.17
Check: installed package size
Result: NOTE
installed size is 5.3Mb
sub-directories of 1Mb or more:
libs 5.1Mb
Flavor: r-devel-linux-x86_64-fedora-clang