CRAN Package Check Results for Package wru

Last updated on 2020-12-04 00:48:37 CET.

Flavor Version Tinstall Tcheck Ttotal Status Flags
r-devel-linux-x86_64-debian-clang 0.1-10 12.05 71.39 83.44 OK
r-devel-linux-x86_64-debian-gcc 0.1-10 10.42 56.87 67.29 OK
r-devel-linux-x86_64-fedora-clang 0.1-10 103.70 NOTE
r-devel-linux-x86_64-fedora-gcc 0.1-10 95.17 OK
r-devel-windows-ix86+x86_64 0.1-10 31.00 71.00 102.00 NOTE
r-patched-linux-x86_64 0.1-10 12.62 68.72 81.34 OK
r-patched-solaris-x86 0.1-10 131.20 NOTE
r-release-linux-x86_64 0.1-10 11.05 65.96 77.01 OK
r-release-macos-x86_64 0.1-10 NOTE
r-release-windows-ix86+x86_64 0.1-10 19.00 76.00 95.00 NOTE
r-oldrel-macos-x86_64 0.1-10 NOTE
r-oldrel-windows-ix86+x86_64 0.1-10 17.00 84.00 101.00 NOTE

Check Details

Version: 0.1-10
Check: installed package size
Result: NOTE
     installed size is 5.8Mb
     sub-directories of 1Mb or more:
     data 5.6Mb
Flavors: r-devel-linux-x86_64-fedora-clang, r-devel-windows-ix86+x86_64, r-patched-solaris-x86, r-release-macos-x86_64, r-release-windows-ix86+x86_64, r-oldrel-macos-x86_64, r-oldrel-windows-ix86+x86_64