CRAN Package Check Results for Package wordsalad

Last updated on 2020-12-04 00:48:37 CET.

Flavor Version Tinstall Tcheck Ttotal Status Flags
r-devel-linux-x86_64-debian-clang 0.2.0 2.50 46.10 48.60 OK
r-devel-linux-x86_64-debian-gcc 0.2.0 2.43 33.57 36.00 OK
r-devel-linux-x86_64-fedora-clang 0.2.0 58.45 NOTE
r-devel-linux-x86_64-fedora-gcc 0.2.0 48.36 NOTE
r-devel-windows-ix86+x86_64 0.2.0 6.00 45.00 51.00 OK
r-patched-linux-x86_64 0.2.0 2.76 41.32 44.08 OK
r-patched-solaris-x86 0.2.0 75.50 NOTE
r-release-linux-x86_64 0.2.0 2.69 41.97 44.66 OK
r-release-macos-x86_64 0.2.0 NOTE
r-release-windows-ix86+x86_64 0.2.0 4.00 47.00 51.00 OK
r-oldrel-macos-x86_64 0.2.0 NOTE
r-oldrel-windows-ix86+x86_64 0.2.0 3.00 57.00 60.00 OK

Check Details

Version: 0.2.0
Check: data for non-ASCII characters
Result: NOTE
     Note: found 3 marked UTF-8 strings
Flavors: r-devel-linux-x86_64-fedora-clang, r-devel-linux-x86_64-fedora-gcc, r-patched-solaris-x86, r-release-macos-x86_64, r-oldrel-macos-x86_64