CRAN Package Check Results for Package wordnet

Last updated on 2020-12-04 00:48:37 CET.

Flavor Version Tinstall Tcheck Ttotal Status Flags
r-devel-linux-x86_64-debian-clang 0.1-14 3.96 42.39 46.35 OK
r-devel-linux-x86_64-debian-gcc 0.1-14 3.04 34.09 37.13 OK
r-devel-linux-x86_64-fedora-clang 0.1-14 65.38 NOTE
r-devel-linux-x86_64-fedora-gcc 0.1-14 56.07 NOTE
r-devel-windows-ix86+x86_64 0.1-14 8.00 49.00 57.00 OK
r-patched-linux-x86_64 0.1-14 3.94 41.84 45.78 OK
r-patched-solaris-x86 0.1-14 76.30 OK
r-release-linux-x86_64 0.1-14 3.82 40.16 43.98 OK
r-release-macos-x86_64 0.1-14 NOTE
r-release-windows-ix86+x86_64 0.1-14 7.00 48.00 55.00 OK
r-oldrel-macos-x86_64 0.1-14 NOTE
r-oldrel-windows-ix86+x86_64 0.1-14 7.00 50.00 57.00 OK

Check Details

Version: 0.1-14
Check: top-level files
Result: NOTE
     possible bashism in configure line 49 (test -a/-o):
     if test ${java_version_maj} -ge 5 || \
     test ${java_version_maj} -eq 1 -a ${java_version_min} -ge 5;
Flavors: r-devel-linux-x86_64-fedora-clang, r-devel-linux-x86_64-fedora-gcc

Version: 0.1-14
Check: whether the namespace can be loaded with stated dependencies
Result: NOTE
    Warning in initDict() :
     cannot find WordNet 'dict' directory: please set the environment variable WNHOME to its parent
    
    A namespace must be able to be loaded with just the base namespace
    loaded: otherwise if the namespace gets loaded by a saved object, the
    session will be unable to start.
    
    Probably some imports need to be declared in the NAMESPACE file.
Flavors: r-release-macos-x86_64, r-oldrel-macos-x86_64