Last updated on 2020-12-04 00:48:37 CET.
Flavor | Version | Tinstall | Tcheck | Ttotal | Status | Flags |
---|---|---|---|---|---|---|
r-devel-linux-x86_64-debian-clang | 0.1.0 | 3.73 | 31.35 | 35.08 | OK | |
r-devel-linux-x86_64-debian-gcc | 0.1.0 | 3.69 | 26.91 | 30.60 | OK | |
r-devel-linux-x86_64-fedora-clang | 0.1.0 | 44.39 | NOTE | |||
r-devel-linux-x86_64-fedora-gcc | 0.1.0 | 34.08 | NOTE | |||
r-devel-windows-ix86+x86_64 | 0.1.0 | 6.00 | 33.00 | 39.00 | OK | |
r-patched-linux-x86_64 | 0.1.0 | 2.85 | 30.53 | 33.38 | OK | |
r-patched-solaris-x86 | 0.1.0 | 49.60 | NOTE | |||
r-release-linux-x86_64 | 0.1.0 | 2.64 | 29.88 | 32.52 | OK | |
r-release-macos-x86_64 | 0.1.0 | NOTE | ||||
r-release-windows-ix86+x86_64 | 0.1.0 | 6.00 | 38.00 | 44.00 | OK | |
r-oldrel-macos-x86_64 | 0.1.0 | NOTE | ||||
r-oldrel-windows-ix86+x86_64 | 0.1.0 | 8.00 | 42.00 | 50.00 | OK |
Version: 0.1.0
Check: data for non-ASCII characters
Result: NOTE
Note: found 6738 marked UTF-8 strings
Flavors: r-devel-linux-x86_64-fedora-clang, r-devel-linux-x86_64-fedora-gcc, r-patched-solaris-x86, r-release-macos-x86_64, r-oldrel-macos-x86_64