Last updated on 2020-12-04 00:48:37 CET.
Flavor | Version | Tinstall | Tcheck | Ttotal | Status | Flags |
---|---|---|---|---|---|---|
r-devel-linux-x86_64-debian-clang | 0.4 | 5.28 | 44.20 | 49.48 | OK | |
r-devel-linux-x86_64-debian-gcc | 0.4 | 3.91 | 36.06 | 39.97 | OK | |
r-devel-linux-x86_64-fedora-clang | 0.4 | 65.47 | NOTE | |||
r-devel-linux-x86_64-fedora-gcc | 0.4 | 55.92 | NOTE | |||
r-devel-windows-ix86+x86_64 | 0.4 | 11.00 | 50.00 | 61.00 | OK | |
r-patched-linux-x86_64 | 0.4 | 5.19 | 45.25 | 50.44 | OK | |
r-patched-solaris-x86 | 0.4 | 89.20 | NOTE | |||
r-release-linux-x86_64 | 0.4 | 5.23 | 44.02 | 49.25 | OK | |
r-release-macos-x86_64 | 0.4 | NOTE | ||||
r-release-windows-ix86+x86_64 | 0.4 | 8.00 | 57.00 | 65.00 | OK | |
r-oldrel-macos-x86_64 | 0.4 | NOTE | ||||
r-oldrel-windows-ix86+x86_64 | 0.4 | 7.00 | 60.00 | 67.00 | OK |
Version: 0.4
Check: data for non-ASCII characters
Result: NOTE
Note: found 2 marked UTF-8 strings
Flavors: r-devel-linux-x86_64-fedora-clang, r-devel-linux-x86_64-fedora-gcc, r-patched-solaris-x86, r-release-macos-x86_64, r-oldrel-macos-x86_64