CRAN Package Check Results for Package whSample

Last updated on 2020-12-04 00:48:37 CET.

Flavor Version Tinstall Tcheck Ttotal Status Flags
r-devel-linux-x86_64-debian-clang 0.9.2 5.68 54.91 60.59 OK
r-devel-linux-x86_64-debian-gcc 0.9.2 4.63 52.43 57.06 OK
r-devel-linux-x86_64-fedora-clang 0.9.2 79.52 OK
r-devel-linux-x86_64-fedora-gcc 0.9.2 70.59 OK
r-devel-windows-ix86+x86_64 0.9.2 13.00 57.00 70.00 OK
r-patched-linux-x86_64 0.9.2 5.45 54.63 60.08 OK
r-patched-solaris-x86 0.9.2 104.10 OK
r-release-linux-x86_64 0.9.2 5.50 54.62 60.12 OK
r-release-macos-x86_64 0.9.2 OK
r-release-windows-ix86+x86_64 0.9.2 11.00 66.00 77.00 OK
r-oldrel-macos-x86_64 0.9.2 WARN
r-oldrel-windows-ix86+x86_64 0.9.2 9.00 68.00 77.00 OK

Check Details

Version: 0.9.2
Check: dependencies in R code
Result: NOTE
    No protocol specified
    No protocol specified
Flavor: r-oldrel-macos-x86_64

Version: 0.9.2
Check: S3 generic/method consistency
Result: WARN
    No protocol specified
    No protocol specified
    See section ‘Generic functions and methods’ in the ‘Writing R
    Extensions’ manual.
Flavor: r-oldrel-macos-x86_64

Version: 0.9.2
Check: replacement functions
Result: WARN
    No protocol specified
    No protocol specified
    The argument of a replacement function which corresponds to the right
    hand side must be named ‘value’.
Flavor: r-oldrel-macos-x86_64

Version: 0.9.2
Check: foreign function calls
Result: NOTE
    No protocol specified
    No protocol specified
    See chapter ‘System and foreign language interfaces’ in the ‘Writing R
    Extensions’ manual.
Flavor: r-oldrel-macos-x86_64

Version: 0.9.2
Check: R code for possible problems
Result: NOTE
    No protocol specified
    No protocol specified
Flavor: r-oldrel-macos-x86_64

Version: 0.9.2
Check: for missing documentation entries
Result: WARN
    No protocol specified
    No protocol specified
    All user-level objects in a package should have documentation entries.
    See chapter ‘Writing R documentation files’ in the ‘Writing R
    Extensions’ manual.
Flavor: r-oldrel-macos-x86_64

Version: 0.9.2
Check: for code/documentation mismatches
Result: WARN
    No protocol specified
    No protocol specified
    No protocol specified
    No protocol specified
    No protocol specified
    No protocol specified
Flavor: r-oldrel-macos-x86_64

Version: 0.9.2
Check: Rd \usage sections
Result: NOTE
    No protocol specified
    No protocol specified
    The \usage entries for S3 methods should use the \method markup and not
    their full name.
    See chapter ‘Writing R documentation files’ in the ‘Writing R
    Extensions’ manual.
Flavor: r-oldrel-macos-x86_64