Last updated on 2020-12-04 00:48:37 CET.
Flavor | Version | Tinstall | Tcheck | Ttotal | Status | Flags |
---|---|---|---|---|---|---|
r-devel-linux-x86_64-debian-clang | 1.6 | 6.46 | 481.34 | 487.80 | OK | |
r-devel-linux-x86_64-debian-gcc | 1.6 | 5.47 | 346.22 | 351.69 | OK | |
r-devel-linux-x86_64-fedora-clang | 1.6 | 584.51 | NOTE | |||
r-devel-linux-x86_64-fedora-gcc | 1.6 | 583.06 | NOTE | |||
r-devel-windows-ix86+x86_64 | 1.6 | 11.00 | 429.00 | 440.00 | OK | |
r-patched-linux-x86_64 | 1.6 | 5.57 | 463.02 | 468.59 | OK | |
r-patched-solaris-x86 | 1.6 | 582.10 | NOTE | |||
r-release-linux-x86_64 | 1.6 | 5.71 | 460.00 | 465.71 | OK | |
r-release-macos-x86_64 | 1.6 | NOTE | ||||
r-release-windows-ix86+x86_64 | 1.6 | 8.00 | 346.00 | 354.00 | OK | |
r-oldrel-macos-x86_64 | 1.6 | NOTE | ||||
r-oldrel-windows-ix86+x86_64 | 1.6 | 7.00 | 329.00 | 336.00 | OK |
Version: 1.6
Check: dependencies in R code
Result: NOTE
Namespace in Imports field not imported from: ‘rgdal’
All declared Imports should be used.
Flavors: r-devel-linux-x86_64-fedora-clang, r-devel-linux-x86_64-fedora-gcc, r-patched-solaris-x86, r-release-macos-x86_64, r-oldrel-macos-x86_64