Last updated on 2020-12-04 00:48:37 CET.
Flavor | Version | Tinstall | Tcheck | Ttotal | Status | Flags |
---|---|---|---|---|---|---|
r-devel-linux-x86_64-debian-clang | 0.9.5.3 | 10.23 | 134.87 | 145.10 | OK | |
r-devel-linux-x86_64-debian-gcc | 0.9.5.3 | 7.78 | 100.54 | 108.32 | OK | |
r-devel-linux-x86_64-fedora-clang | 0.9.5.3 | 177.13 | NOTE | |||
r-devel-linux-x86_64-fedora-gcc | 0.9.5.3 | 167.90 | NOTE | |||
r-devel-windows-ix86+x86_64 | 0.9.5.3 | 26.00 | 201.00 | 227.00 | OK | |
r-patched-linux-x86_64 | 0.9.5.3 | 8.60 | 128.95 | 137.55 | OK | |
r-patched-solaris-x86 | 0.9.5.3 | 196.40 | OK | |||
r-release-linux-x86_64 | 0.9.5.3 | 9.43 | 127.64 | 137.07 | OK | |
r-release-macos-x86_64 | 0.9.5.3 | OK | ||||
r-release-windows-ix86+x86_64 | 0.9.5.3 | 21.00 | 209.00 | 230.00 | OK | |
r-oldrel-macos-x86_64 | 0.9.5.3 | OK | ||||
r-oldrel-windows-ix86+x86_64 | 0.9.5.3 | 29.00 | 263.00 | 292.00 | OK |
Version: 0.9.5.3
Check: compiled code
Result: NOTE
File ‘weightedScores/libs/weightedScores.so’:
Found no calls to: ‘R_registerRoutines’, ‘R_useDynamicSymbols’
It is good practice to register native routines and to disable symbol
search.
See ‘Writing portable packages’ in the ‘Writing R Extensions’ manual.
Flavors: r-devel-linux-x86_64-fedora-clang, r-devel-linux-x86_64-fedora-gcc