Last updated on 2020-12-04 00:48:37 CET.
Flavor | Version | Tinstall | Tcheck | Ttotal | Status | Flags |
---|---|---|---|---|---|---|
r-devel-linux-x86_64-debian-clang | 1.0 | 2.51 | 21.63 | 24.14 | OK | |
r-devel-linux-x86_64-debian-gcc | 1.0 | 1.83 | 20.13 | 21.96 | OK | |
r-devel-linux-x86_64-fedora-clang | 1.0 | 34.63 | NOTE | |||
r-devel-linux-x86_64-fedora-gcc | 1.0 | 25.03 | NOTE | |||
r-devel-windows-ix86+x86_64 | 1.0 | 11.00 | 34.00 | 45.00 | OK | |
r-patched-linux-x86_64 | 1.0 | 2.27 | 22.29 | 24.56 | OK | |
r-patched-solaris-x86 | 1.0 | 38.80 | OK | |||
r-release-linux-x86_64 | 1.0 | 2.26 | 21.44 | 23.70 | OK | |
r-release-macos-x86_64 | 1.0 | OK | ||||
r-release-windows-ix86+x86_64 | 1.0 | 10.00 | 33.00 | 43.00 | OK | |
r-oldrel-macos-x86_64 | 1.0 | OK | ||||
r-oldrel-windows-ix86+x86_64 | 1.0 | 16.00 | 48.00 | 64.00 | OK |
Version: 1.0
Check: top-level files
Result: NOTE
‘configure’: /bin/bash is not portable
Flavors: r-devel-linux-x86_64-fedora-clang, r-devel-linux-x86_64-fedora-gcc