Last updated on 2020-12-04 00:48:37 CET.
Flavor | Version | Tinstall | Tcheck | Ttotal | Status | Flags |
---|---|---|---|---|---|---|
r-devel-linux-x86_64-debian-clang | 1.0.3 | 7.72 | 74.75 | 82.47 | OK | |
r-devel-linux-x86_64-debian-gcc | 1.0.3 | 7.03 | 60.18 | 67.21 | OK | |
r-devel-linux-x86_64-fedora-clang | 1.0.3 | 103.94 | NOTE | |||
r-devel-linux-x86_64-fedora-gcc | 1.0.3 | 95.76 | OK | |||
r-devel-windows-ix86+x86_64 | 1.0.3 | 35.00 | 99.00 | 134.00 | NOTE | |
r-patched-linux-x86_64 | 1.0.3 | 7.62 | 69.47 | 77.09 | OK | |
r-patched-solaris-x86 | 1.0.3 | 158.70 | NOTE | |||
r-release-linux-x86_64 | 1.0.3 | 7.87 | 69.09 | 76.96 | OK | |
r-release-macos-x86_64 | 1.0.3 | NOTE | ||||
r-release-windows-ix86+x86_64 | 1.0.3 | 26.00 | 132.00 | 158.00 | NOTE | |
r-oldrel-macos-x86_64 | 1.0.3 | NOTE | ||||
r-oldrel-windows-ix86+x86_64 | 1.0.3 | 23.00 | 136.00 | 159.00 | NOTE |
Version: 1.0.3
Check: installed package size
Result: NOTE
installed size is 10.8Mb
sub-directories of 1Mb or more:
client 9.6Mb
doc 1.0Mb
Flavors: r-devel-linux-x86_64-fedora-clang, r-devel-windows-ix86+x86_64, r-patched-solaris-x86, r-release-macos-x86_64, r-release-windows-ix86+x86_64, r-oldrel-macos-x86_64, r-oldrel-windows-ix86+x86_64