CRAN Package Check Results for Package webchem

Last updated on 2020-12-04 00:48:37 CET.

Flavor Version Tinstall Tcheck Ttotal Status Flags
r-devel-linux-x86_64-debian-clang 1.1.0 9.71 65.53 75.24 OK
r-devel-linux-x86_64-debian-gcc 1.1.0 7.73 51.63 59.36 OK
r-devel-linux-x86_64-fedora-clang 1.1.0 92.89 OK
r-devel-linux-x86_64-fedora-gcc 1.1.0 82.93 OK
r-devel-windows-ix86+x86_64 1.1.0 16.00 65.00 81.00 OK
r-patched-linux-x86_64 1.1.0 9.35 63.64 72.99 OK
r-patched-solaris-x86 1.1.0 106.80 NOTE
r-release-linux-x86_64 1.1.0 8.84 64.42 73.26 OK
r-release-macos-x86_64 1.1.0 OK
r-release-windows-ix86+x86_64 1.1.0 13.00 76.00 89.00 OK
r-oldrel-macos-x86_64 1.1.0 OK
r-oldrel-windows-ix86+x86_64 1.1.0 12.00 80.00 92.00 OK

Check Details

Version: 1.1.0
Check: package dependencies
Result: NOTE
    Package suggested but not available for checking: ‘rcdk’
Flavor: r-patched-solaris-x86