Last updated on 2020-12-04 00:48:37 CET.
Flavor | Version | Tinstall | Tcheck | Ttotal | Status | Flags |
---|---|---|---|---|---|---|
r-devel-linux-x86_64-debian-clang | 1.0.0 | 45.89 | 29.59 | 75.48 | OK | |
r-devel-linux-x86_64-debian-gcc | 1.0.0 | 29.75 | 29.34 | 59.09 | OK | |
r-devel-linux-x86_64-fedora-clang | 1.0.0 | 108.02 | NOTE | |||
r-devel-linux-x86_64-fedora-gcc | 1.0.0 | 91.10 | OK | |||
r-devel-windows-ix86+x86_64 | 1.0.0 | 101.00 | 63.00 | 164.00 | OK | |
r-patched-linux-x86_64 | 1.0.0 | 35.59 | 33.12 | 68.71 | OK | |
r-patched-solaris-x86 | 1.0.0 | 88.30 | OK | |||
r-release-linux-x86_64 | 1.0.0 | 35.77 | 32.40 | 68.17 | OK | |
r-release-macos-x86_64 | 1.0.0 | NOTE | ||||
r-release-windows-ix86+x86_64 | 1.0.0 | 78.00 | 77.00 | 155.00 | OK | |
r-oldrel-macos-x86_64 | 1.0.0 | NOTE | ||||
r-oldrel-windows-ix86+x86_64 | 1.0.0 | 72.00 | 65.00 | 137.00 | OK |
Version: 1.0.0
Check: installed package size
Result: NOTE
installed size is 5.5Mb
sub-directories of 1Mb or more:
libs 5.3Mb
Flavors: r-devel-linux-x86_64-fedora-clang, r-release-macos-x86_64, r-oldrel-macos-x86_64