CRAN Package Check Results for Package wavemulcor

Last updated on 2020-12-04 00:48:37 CET.

Flavor Version Tinstall Tcheck Ttotal Status Flags
r-devel-linux-x86_64-debian-clang 3.1.0 7.62 184.88 192.50 OK
r-devel-linux-x86_64-debian-gcc 3.1.0 6.01 146.92 152.93 OK
r-devel-linux-x86_64-fedora-clang 3.1.0 235.55 OK
r-devel-linux-x86_64-fedora-gcc 3.1.0 232.45 OK
r-devel-windows-ix86+x86_64 3.1.0 10.00 172.00 182.00 OK
r-patched-linux-x86_64 3.1.0 8.42 182.94 191.36 OK
r-patched-solaris-x86 3.1.0 290.00 OK
r-release-linux-x86_64 3.1.0 6.77 182.98 189.75 OK
r-release-macos-x86_64 3.1.0 OK
r-release-windows-ix86+x86_64 3.1.0 12.00 229.00 241.00 OK
r-oldrel-macos-x86_64 3.1.0 NOTE
r-oldrel-windows-ix86+x86_64 3.1.0 8.00 220.00 228.00 NOTE

Check Details

Version: 3.1.0
Check: R code for possible problems
Result: NOTE
    plot_local.multiple.cross.correlation: no visible global function
     definition for ‘plot’
    plot_wave.local.multiple.cross.correlation : blocki: no visible global
     function definition for ‘plot’
    Undefined global functions or variables:
     plot
    Consider adding
     importFrom("graphics", "plot")
    to your NAMESPACE file.
Flavors: r-oldrel-macos-x86_64, r-oldrel-windows-ix86+x86_64