CRAN Package Check Results for Package wavelets

Last updated on 2020-12-04 00:48:37 CET.

Flavor Version Tinstall Tcheck Ttotal Status Flags
r-devel-linux-x86_64-debian-clang 0.3-0.2 7.16 47.32 54.48 OK
r-devel-linux-x86_64-debian-gcc 0.3-0.2 6.06 38.00 44.06 OK
r-devel-linux-x86_64-fedora-clang 0.3-0.2 68.51 NOTE
r-devel-linux-x86_64-fedora-gcc 0.3-0.2 59.69 NOTE
r-devel-windows-ix86+x86_64 0.3-0.2 15.00 54.00 69.00 OK
r-patched-linux-x86_64 0.3-0.2 6.89 42.41 49.30 OK
r-patched-solaris-x86 0.3-0.2 80.20 OK
r-release-linux-x86_64 0.3-0.2 6.58 44.01 50.59 OK
r-release-macos-x86_64 0.3-0.2 OK
r-release-windows-ix86+x86_64 0.3-0.2 13.00 53.00 66.00 OK
r-oldrel-macos-x86_64 0.3-0.2 OK
r-oldrel-windows-ix86+x86_64 0.3-0.2 14.00 56.00 70.00 OK

Check Details

Version: 0.3-0.2
Check: compiled code
Result: NOTE
    File ‘wavelets/libs/wavelets.so’:
     Found no calls to: ‘R_registerRoutines’, ‘R_useDynamicSymbols’
    
    It is good practice to register native routines and to disable symbol
    search.
    
    See ‘Writing portable packages’ in the ‘Writing R Extensions’ manual.
Flavors: r-devel-linux-x86_64-fedora-clang, r-devel-linux-x86_64-fedora-gcc