CRAN Package Check Results for Package waiter

Last updated on 2020-12-04 00:48:37 CET.

Flavor Version Tinstall Tcheck Ttotal Status Flags
r-devel-linux-x86_64-debian-clang 0.1.3 8.31 41.77 50.08 OK
r-devel-linux-x86_64-debian-gcc 0.1.3 6.65 35.31 41.96 OK
r-devel-linux-x86_64-fedora-clang 0.1.3 63.88 NOTE
r-devel-linux-x86_64-fedora-gcc 0.1.3 54.97 NOTE
r-devel-windows-ix86+x86_64 0.1.3 16.00 43.00 59.00 OK
r-patched-linux-x86_64 0.1.3 8.01 38.18 46.19 OK
r-patched-solaris-x86 0.1.3 78.80 NOTE
r-release-linux-x86_64 0.1.3 8.68 39.28 47.96 OK
r-release-macos-x86_64 0.1.3 NOTE
r-release-windows-ix86+x86_64 0.1.3 12.00 60.00 72.00 OK
r-oldrel-macos-x86_64 0.1.3 NOTE
r-oldrel-windows-ix86+x86_64 0.1.3 11.00 55.00 66.00 OK

Check Details

Version: 0.1.3
Check: dependencies in R code
Result: NOTE
    Namespace in Imports field not imported from: ‘R6’
     All declared Imports should be used.
Flavors: r-devel-linux-x86_64-fedora-clang, r-devel-linux-x86_64-fedora-gcc, r-patched-solaris-x86, r-release-macos-x86_64, r-oldrel-macos-x86_64