Last updated on 2020-12-04 00:48:37 CET.
Flavor | Version | Tinstall | Tcheck | Ttotal | Status | Flags |
---|---|---|---|---|---|---|
r-devel-linux-x86_64-debian-clang | 1.3.2 | 91.32 | 98.24 | 189.56 | OK | |
r-devel-linux-x86_64-debian-gcc | 1.3.2 | 74.19 | 79.42 | 153.61 | OK | |
r-devel-linux-x86_64-fedora-clang | 1.3.2 | 258.77 | NOTE | |||
r-devel-linux-x86_64-fedora-gcc | 1.3.2 | 245.69 | OK | |||
r-devel-windows-ix86+x86_64 | 1.3.2 | 258.00 | 119.00 | 377.00 | OK | |
r-patched-linux-x86_64 | 1.3.2 | 86.15 | 99.09 | 185.24 | OK | |
r-patched-solaris-x86 | 1.3.2 | 267.80 | OK | |||
r-release-linux-x86_64 | 1.3.2 | 87.65 | 98.10 | 185.75 | OK | |
r-release-macos-x86_64 | 1.3.2 | NOTE | ||||
r-release-windows-ix86+x86_64 | 1.3.2 | 204.00 | 153.00 | 357.00 | OK | |
r-oldrel-macos-x86_64 | 1.3.2 | NOTE | ||||
r-oldrel-windows-ix86+x86_64 | 1.3.2 | 229.00 | 150.00 | 379.00 | OK |
Version: 1.3.2
Check: installed package size
Result: NOTE
installed size is 10.3Mb
sub-directories of 1Mb or more:
doc 1.2Mb
libs 8.4Mb
Flavors: r-devel-linux-x86_64-fedora-clang, r-release-macos-x86_64, r-oldrel-macos-x86_64