Last updated on 2020-12-04 00:48:37 CET.
Flavor | Version | Tinstall | Tcheck | Ttotal | Status | Flags |
---|---|---|---|---|---|---|
r-devel-linux-x86_64-debian-clang | 0.5 | 11.78 | 100.16 | 111.94 | OK | |
r-devel-linux-x86_64-debian-gcc | 0.5 | 11.88 | 78.01 | 89.89 | OK | |
r-devel-linux-x86_64-fedora-clang | 0.5 | 137.40 | NOTE | |||
r-devel-linux-x86_64-fedora-gcc | 0.5 | 132.62 | OK | |||
r-devel-windows-ix86+x86_64 | 0.5 | 26.00 | 91.00 | 117.00 | OK | |
r-patched-linux-x86_64 | 0.5 | 8.86 | 96.06 | 104.92 | OK | |
r-patched-solaris-x86 | 0.5 | 200.10 | OK | |||
r-release-linux-x86_64 | 0.5 | 8.56 | 93.87 | 102.43 | OK | |
r-release-macos-x86_64 | 0.5 | OK | ||||
r-release-windows-ix86+x86_64 | 0.5 | 20.00 | 94.00 | 114.00 | OK | |
r-oldrel-macos-x86_64 | 0.5 | OK | ||||
r-oldrel-windows-ix86+x86_64 | 0.5 | 20.00 | 105.00 | 125.00 | OK |
Version: 0.5
Check: Rd cross-references
Result: NOTE
Undeclared package ‘lme4’ in Rd xrefs
Flavor: r-devel-linux-x86_64-fedora-clang