CRAN Package Check Results for Package vmsbase

Last updated on 2020-12-04 00:48:37 CET.

Flavor Version Tinstall Tcheck Ttotal Status Flags
r-devel-linux-x86_64-debian-clang 2.2.1 51.44 226.60 278.04 OK
r-devel-linux-x86_64-debian-gcc 2.2.1 41.72 210.53 252.25 OK
r-devel-linux-x86_64-fedora-clang 2.2.1 328.22 NOTE
r-devel-linux-x86_64-fedora-gcc 2.2.1 529.30 OK
r-devel-windows-ix86+x86_64 2.2.1 78.00 179.00 257.00 OK
r-patched-linux-x86_64 2.2.1 55.26 219.16 274.42 OK
r-patched-solaris-x86 2.2.1 410.40 OK
r-release-linux-x86_64 2.2.1 53.18 216.33 269.51 OK
r-release-macos-x86_64 2.2.1 OK
r-release-windows-ix86+x86_64 2.2.1 59.00 225.00 284.00 OK
r-oldrel-macos-x86_64 2.2.1 ERROR
r-oldrel-windows-ix86+x86_64 2.2.1 69.00 237.00 306.00 OK

Check Details

Version: 2.2.1
Check: package dependencies
Result: NOTE
    Imports includes 23 non-default packages.
    Importing from so many packages makes the package vulnerable to any of
    them becoming unavailable. Move as many as possible to Suggests and
    use conditionally.
Flavor: r-devel-linux-x86_64-fedora-clang

Version: 2.2.1
Check: package dependencies
Result: ERROR
    Package required but not available: ‘gWidgets2RGtk2’
    
    See section ‘The DESCRIPTION file’ in the ‘Writing R Extensions’
    manual.
Flavor: r-oldrel-macos-x86_64