CRAN Package Check Results for Package visit

Last updated on 2020-12-04 00:48:37 CET.

Flavor Version Tinstall Tcheck Ttotal Status Flags
r-devel-linux-x86_64-debian-clang 2.1 123.83 106.34 230.17 NOTE
r-devel-linux-x86_64-debian-gcc 2.1 100.83 84.94 185.77 NOTE
r-devel-linux-x86_64-fedora-clang 2.1 301.02 NOTE
r-devel-linux-x86_64-fedora-gcc 2.1 304.77 NOTE
r-devel-windows-ix86+x86_64 2.1 270.00 162.00 432.00 NOTE
r-patched-linux-x86_64 2.1 88.99 107.47 196.46 NOTE
r-patched-solaris-x86 2.1 330.30 NOTE
r-release-linux-x86_64 2.1 92.09 107.23 199.32 NOTE
r-release-macos-x86_64 2.1 NOTE
r-release-windows-ix86+x86_64 2.1 207.00 198.00 405.00 NOTE
r-oldrel-macos-x86_64 2.1 NOTE
r-oldrel-windows-ix86+x86_64 2.1 223.00 199.00 422.00 NOTE

Check Details

Version: 2.1
Check: for GNU extensions in Makefiles
Result: NOTE
    GNU make is a SystemRequirements.
Flavors: r-devel-linux-x86_64-debian-clang, r-devel-linux-x86_64-debian-gcc, r-devel-linux-x86_64-fedora-clang, r-devel-linux-x86_64-fedora-gcc, r-devel-windows-ix86+x86_64, r-patched-linux-x86_64, r-patched-solaris-x86, r-release-linux-x86_64, r-release-macos-x86_64, r-release-windows-ix86+x86_64, r-oldrel-macos-x86_64, r-oldrel-windows-ix86+x86_64

Version: 2.1
Check: installed package size
Result: NOTE
     installed size is 32.4Mb
     sub-directories of 1Mb or more:
     libs 31.7Mb
Flavors: r-devel-linux-x86_64-fedora-clang, r-release-macos-x86_64, r-oldrel-macos-x86_64

Version: 2.1
Check: dependencies in R code
Result: NOTE
    Namespace in Imports field not imported from: ‘sqldf’
     All declared Imports should be used.
Flavors: r-devel-linux-x86_64-fedora-clang, r-devel-linux-x86_64-fedora-gcc, r-patched-solaris-x86, r-release-macos-x86_64, r-oldrel-macos-x86_64