Last updated on 2020-12-04 00:48:37 CET.
Flavor | Version | Tinstall | Tcheck | Ttotal | Status | Flags |
---|---|---|---|---|---|---|
r-devel-linux-x86_64-debian-clang | 1.0 | 2.75 | 24.80 | 27.55 | OK | |
r-devel-linux-x86_64-debian-gcc | 1.0 | 2.42 | 24.32 | 26.74 | OK | |
r-devel-linux-x86_64-fedora-clang | 1.0 | 39.52 | NOTE | |||
r-devel-linux-x86_64-fedora-gcc | 1.0 | 29.56 | NOTE | |||
r-devel-windows-ix86+x86_64 | 1.0 | 7.00 | 29.00 | 36.00 | OK | |
r-patched-linux-x86_64 | 1.0 | 3.27 | 26.18 | 29.45 | OK | |
r-patched-solaris-x86 | 1.0 | 48.70 | NOTE | |||
r-release-linux-x86_64 | 1.0 | 2.96 | 27.44 | 30.40 | OK | |
r-release-macos-x86_64 | 1.0 | NOTE | ||||
r-release-windows-ix86+x86_64 | 1.0 | 5.00 | 35.00 | 40.00 | OK | |
r-oldrel-macos-x86_64 | 1.0 | NOTE | ||||
r-oldrel-windows-ix86+x86_64 | 1.0 | 3.00 | 36.00 | 39.00 | OK |
Version: 1.0
Check: dependencies in R code
Result: NOTE
Namespaces in Imports field not imported from:
‘devtools’ ‘diptest’
All declared Imports should be used.
Flavors: r-devel-linux-x86_64-fedora-clang, r-devel-linux-x86_64-fedora-gcc, r-patched-solaris-x86, r-release-macos-x86_64, r-oldrel-macos-x86_64