Last updated on 2020-12-04 00:48:37 CET.
Flavor | Version | Tinstall | Tcheck | Ttotal | Status | Flags |
---|---|---|---|---|---|---|
r-devel-linux-x86_64-debian-clang | 0.5.1 | 5.17 | 59.20 | 64.37 | OK | |
r-devel-linux-x86_64-debian-gcc | 0.5.1 | 4.22 | 47.58 | 51.80 | OK | |
r-devel-linux-x86_64-fedora-clang | 0.5.1 | 79.34 | NOTE | |||
r-devel-linux-x86_64-fedora-gcc | 0.5.1 | 71.29 | NOTE | |||
r-devel-windows-ix86+x86_64 | 0.5.1 | 11.00 | 46.00 | 57.00 | OK | --no-vignettes |
r-patched-linux-x86_64 | 0.5.1 | 4.64 | 54.92 | 59.56 | OK | |
r-patched-solaris-x86 | 0.5.1 | 107.80 | NOTE | |||
r-release-linux-x86_64 | 0.5.1 | 4.94 | 54.70 | 59.64 | OK | |
r-release-macos-x86_64 | 0.5.1 | NOTE | ||||
r-release-windows-ix86+x86_64 | 0.5.1 | 8.00 | 72.00 | 80.00 | OK | --no-vignettes |
r-oldrel-macos-x86_64 | 0.5.1 | NOTE | ||||
r-oldrel-windows-ix86+x86_64 | 0.5.1 | 9.00 | 60.00 | 69.00 | OK | --no-vignettes |
Version: 0.5.1
Check: dependencies in R code
Result: NOTE
Namespace in Imports field not imported from: ‘stats’
All declared Imports should be used.
Flavors: r-devel-linux-x86_64-fedora-clang, r-devel-linux-x86_64-fedora-gcc, r-patched-solaris-x86, r-release-macos-x86_64, r-oldrel-macos-x86_64