Last updated on 2020-12-04 00:48:37 CET.
Flavor | Version | Tinstall | Tcheck | Ttotal | Status | Flags |
---|---|---|---|---|---|---|
r-devel-linux-x86_64-debian-clang | 1.1.5 | 13.22 | 103.92 | 117.14 | OK | |
r-devel-linux-x86_64-debian-gcc | 1.1.5 | 11.49 | 80.71 | 92.20 | OK | |
r-devel-linux-x86_64-fedora-clang | 1.1.5 | 143.97 | NOTE | |||
r-devel-linux-x86_64-fedora-gcc | 1.1.5 | 137.70 | NOTE | |||
r-devel-windows-ix86+x86_64 | 1.1.5 | 32.00 | 126.00 | 158.00 | OK | |
r-patched-linux-x86_64 | 1.1.5 | 11.96 | 100.03 | 111.99 | OK | |
r-patched-solaris-x86 | 1.1.5 | 200.30 | OK | |||
r-release-linux-x86_64 | 1.1.5 | 15.26 | 98.58 | 113.84 | OK | |
r-release-macos-x86_64 | 1.1.5 | OK | ||||
r-release-windows-ix86+x86_64 | 1.1.5 | 22.00 | 151.00 | 173.00 | OK | |
r-oldrel-macos-x86_64 | 1.1.5 | OK | ||||
r-oldrel-windows-ix86+x86_64 | 1.1.5 | 22.00 | 161.00 | 183.00 | OK |
Version: 1.1.5
Check: compiled code
Result: NOTE
File ‘vines/libs/vines.so’:
Found no call to: ‘R_useDynamicSymbols’
It is good practice to register native routines and to disable symbol
search.
See ‘Writing portable packages’ in the ‘Writing R Extensions’ manual.
Flavors: r-devel-linux-x86_64-fedora-clang, r-devel-linux-x86_64-fedora-gcc