CRAN Package Check Results for Package vhcub

Last updated on 2020-12-04 00:48:37 CET.

Flavor Version Tinstall Tcheck Ttotal Status Flags
r-devel-linux-x86_64-debian-clang 1.0.0 17.58 167.83 185.41 OK
r-devel-linux-x86_64-debian-gcc 1.0.0 13.65 129.88 143.53 OK
r-devel-linux-x86_64-fedora-clang 1.0.0 223.53 OK
r-devel-linux-x86_64-fedora-gcc 1.0.0 216.86 OK
r-devel-windows-ix86+x86_64 1.0.0 39.00 142.00 181.00 WARN
r-patched-linux-x86_64 1.0.0 16.01 157.55 173.56 OK
r-patched-solaris-x86 1.0.0 312.10 OK
r-release-linux-x86_64 1.0.0 15.66 157.82 173.48 OK
r-release-macos-x86_64 1.0.0 ERROR
r-release-windows-ix86+x86_64 1.0.0 28.00 167.00 195.00 WARN
r-oldrel-macos-x86_64 1.0.0 ERROR
r-oldrel-windows-ix86+x86_64 1.0.0 31.00 183.00 214.00 WARN

Check Details

Version: 1.0.0
Check: whether package can be installed
Result: WARN
    Found the following significant warnings:
     Warning: namespace 'Rcpp' is not available and has been replaced
Flavors: r-devel-windows-ix86+x86_64, r-release-windows-ix86+x86_64, r-oldrel-windows-ix86+x86_64

Version: 1.0.0
Check: package dependencies
Result: ERROR
    Package required but not available: ‘coRdon’
    
    See section ‘The DESCRIPTION file’ in the ‘Writing R Extensions’
    manual.
Flavors: r-release-macos-x86_64, r-oldrel-macos-x86_64