CRAN Package Check Results for Package vennplot

Last updated on 2020-12-04 00:48:37 CET.

Flavor Version Tinstall Tcheck Ttotal Status Flags
r-devel-linux-x86_64-debian-clang 1.0 28.33 55.15 83.48 OK
r-devel-linux-x86_64-debian-gcc 1.0 18.73 48.61 67.34 OK
r-devel-linux-x86_64-fedora-clang 1.0 111.66 OK
r-devel-linux-x86_64-fedora-gcc 1.0 99.32 OK
r-devel-windows-ix86+x86_64 1.0 63.00 84.00 147.00 OK
r-patched-linux-x86_64 1.0 22.21 50.69 72.90 OK
r-patched-solaris-x86 1.0 128.40 OK
r-release-linux-x86_64 1.0 24.07 51.41 75.48 OK
r-release-macos-x86_64 1.0 OK
r-release-windows-ix86+x86_64 1.0 43.00 107.00 150.00 OK
r-oldrel-macos-x86_64 1.0 WARN
r-oldrel-windows-ix86+x86_64 1.0 44.00 100.00 144.00 OK

Check Details

Version: 1.0
Check: whether package can be installed
Result: WARN
    Found the following significant warnings:
     Warning: 'rgl_init' failed, running with rgl.useNULL = TRUE
Flavor: r-oldrel-macos-x86_64