CRAN Package Check Results for Package vennLasso

Last updated on 2020-12-04 00:48:37 CET.

Flavor Version Tinstall Tcheck Ttotal Status Flags
r-devel-linux-x86_64-debian-clang 0.1.6 84.33 199.86 284.19 OK
r-devel-linux-x86_64-debian-gcc 0.1.6 71.73 149.91 221.64 OK
r-devel-linux-x86_64-fedora-clang 0.1.6 367.71 NOTE
r-devel-linux-x86_64-fedora-gcc 0.1.6 349.35 OK
r-devel-windows-ix86+x86_64 0.1.6 172.00 236.00 408.00 OK
r-patched-linux-x86_64 0.1.6 83.55 184.09 267.64 OK
r-patched-solaris-x86 0.1.6 457.00 OK
r-release-linux-x86_64 0.1.6 80.63 183.73 264.36 OK
r-release-macos-x86_64 0.1.6 NOTE
r-release-windows-ix86+x86_64 0.1.6 118.00 308.00 426.00 OK
r-oldrel-macos-x86_64 0.1.6 NOTE
r-oldrel-windows-ix86+x86_64 0.1.6 142.00 286.00 428.00 OK

Check Details

Version: 0.1.6
Check: installed package size
Result: NOTE
     installed size is 25.0Mb
     sub-directories of 1Mb or more:
     libs 24.4Mb
Flavors: r-devel-linux-x86_64-fedora-clang, r-release-macos-x86_64, r-oldrel-macos-x86_64