Last updated on 2020-12-04 00:48:37 CET.
Flavor | Version | Tinstall | Tcheck | Ttotal | Status | Flags |
---|---|---|---|---|---|---|
r-devel-linux-x86_64-debian-clang | 2.5-7 | 40.04 | 307.51 | 347.55 | OK | |
r-devel-linux-x86_64-debian-gcc | 2.5-7 | 33.31 | 227.68 | 260.99 | OK | |
r-devel-linux-x86_64-fedora-clang | 2.5-7 | 421.39 | NOTE | |||
r-devel-linux-x86_64-fedora-gcc | 2.5-7 | 418.79 | OK | |||
r-devel-windows-ix86+x86_64 | 2.5-7 | 76.00 | 372.00 | 448.00 | OK | |
r-patched-linux-x86_64 | 2.5-7 | 43.39 | 290.44 | 333.83 | OK | |
r-patched-solaris-x86 | 2.5-7 | 510.50 | OK | |||
r-release-linux-x86_64 | 2.5-7 | 34.87 | 288.22 | 323.09 | OK | |
r-release-macos-x86_64 | 2.5-7 | OK | ||||
r-release-windows-ix86+x86_64 | 2.5-7 | 65.00 | 339.00 | 404.00 | OK | |
r-oldrel-macos-x86_64 | 2.5-7 | NOTE | ||||
r-oldrel-windows-ix86+x86_64 | 2.5-7 | 63.00 | 410.00 | 473.00 | OK |
Version: 2.5-7
Check: Rd cross-references
Result: NOTE
Undeclared packages ‘ade4’, ‘cclust’, ‘bipartite’, ‘labdsv’, ‘ellipse’, ‘vegan3d’, ‘coda’, ‘maptools’, ‘ape’, ‘picante’ in Rd xrefs
Flavor: r-devel-linux-x86_64-fedora-clang
Version: 2.5-7
Check: dependencies in R code
Result: NOTE
No protocol specified
No protocol specified
Flavor: r-oldrel-macos-x86_64