CRAN Package Check Results for Package vdg

Last updated on 2020-12-04 00:48:37 CET.

Flavor Version Tinstall Tcheck Ttotal Status Flags
r-devel-linux-x86_64-debian-clang 1.2.0 13.57 176.62 190.19 OK
r-devel-linux-x86_64-debian-gcc 1.2.0 11.11 138.91 150.02 OK
r-devel-linux-x86_64-fedora-clang 1.2.0 234.96 NOTE
r-devel-linux-x86_64-fedora-gcc 1.2.0 226.83 NOTE
r-devel-windows-ix86+x86_64 1.2.0 29.00 201.00 230.00 OK
r-patched-linux-x86_64 1.2.0 11.59 167.76 179.35 OK
r-patched-solaris-x86 1.2.0 320.20 OK
r-release-linux-x86_64 1.2.0 12.63 165.72 178.35 OK
r-release-macos-x86_64 1.2.0 OK
r-release-windows-ix86+x86_64 1.2.0 22.00 233.00 255.00 OK
r-oldrel-macos-x86_64 1.2.0 OK
r-oldrel-windows-ix86+x86_64 1.2.0 22.00 250.00 272.00 OK

Check Details

Version: 1.2.0
Check: compiled code
Result: NOTE
    File ‘vdg/libs/vdg.so’:
     Found no calls to: ‘R_registerRoutines’, ‘R_useDynamicSymbols’
    
    It is good practice to register native routines and to disable symbol
    search.
    
    See ‘Writing portable packages’ in the ‘Writing R Extensions’ manual.
Flavors: r-devel-linux-x86_64-fedora-clang, r-devel-linux-x86_64-fedora-gcc