Last updated on 2020-12-04 00:48:37 CET.
Flavor | Version | Tinstall | Tcheck | Ttotal | Status | Flags |
---|---|---|---|---|---|---|
r-devel-linux-x86_64-debian-clang | 0.7-1 | 10.82 | 143.37 | 154.19 | NOTE | |
r-devel-linux-x86_64-debian-gcc | 0.7-1 | 9.51 | 112.62 | 122.13 | NOTE | |
r-devel-linux-x86_64-fedora-clang | 0.7-1 | 190.19 | NOTE | |||
r-devel-linux-x86_64-fedora-gcc | 0.7-1 | 182.07 | NOTE | |||
r-devel-windows-ix86+x86_64 | 0.7-1 | 23.00 | 139.00 | 162.00 | OK | |
r-patched-linux-x86_64 | 0.7-1 | 11.20 | 137.67 | 148.87 | NOTE | |
r-patched-solaris-x86 | 0.7-1 | 228.70 | NOTE | |||
r-release-linux-x86_64 | 0.7-1 | 9.57 | 134.90 | 144.47 | NOTE | |
r-release-macos-x86_64 | 0.7-1 | OK | ||||
r-release-windows-ix86+x86_64 | 0.7-1 | 16.00 | 169.00 | 185.00 | OK | |
r-oldrel-macos-x86_64 | 0.7-1 | OK | ||||
r-oldrel-windows-ix86+x86_64 | 0.7-1 | 16.00 | 196.00 | 212.00 | OK |
Version: 0.7-1
Check: Rd cross-references
Result: NOTE
Unknown package 'alr3' in Rd xrefs
Flavors: r-devel-linux-x86_64-debian-clang, r-devel-linux-x86_64-debian-gcc, r-devel-linux-x86_64-fedora-gcc, r-patched-linux-x86_64, r-patched-solaris-x86, r-release-linux-x86_64
Version: 0.7-1
Check: Rd cross-references
Result: NOTE
Undeclared packages ‘coin’, ‘alr3’, ‘Hmisc’ in Rd xrefs
Unknown package ‘alr3’ in Rd xrefs
Flavor: r-devel-linux-x86_64-fedora-clang