CRAN Package Check Results for Package varrank

Last updated on 2020-12-04 00:48:37 CET.

Flavor Version Tinstall Tcheck Ttotal Status Flags
r-devel-linux-x86_64-debian-clang 0.3 3.89 153.12 157.01 OK
r-devel-linux-x86_64-debian-gcc 0.3 3.29 82.94 86.23 OK
r-devel-linux-x86_64-fedora-clang 0.3 195.35 OK
r-devel-linux-x86_64-fedora-gcc 0.3 174.36 OK
r-devel-windows-ix86+x86_64 0.3 8.00 76.00 84.00 OK
r-patched-linux-x86_64 0.3 3.56 142.76 146.32 OK
r-patched-solaris-x86 0.3 973.90 WARN
r-release-linux-x86_64 0.3 3.32 143.88 147.20 OK
r-release-macos-x86_64 0.3 OK
r-release-windows-ix86+x86_64 0.3 9.00 83.00 92.00 OK
r-oldrel-macos-x86_64 0.3 OK
r-oldrel-windows-ix86+x86_64 0.3 5.00 100.00 105.00 OK

Check Details

Version: 0.3
Check: package dependencies
Result: NOTE
    Package suggested but not available for checking: ‘FSelector’
Flavor: r-patched-solaris-x86

Version: 0.3
Check: re-building of vignette outputs
Result: WARN
    Error(s) in re-building vignettes:
     ...
    --- re-building ‘varrank.Rmd’ using knitr
    Loading required package: randomForest
    randomForest 4.6-14
    Type rfNews() to see new features/changes/bug fixes.
    
    Attaching package: 'randomForest'
    
    The following object is masked from 'package:ggplot2':
    
     margin
    
    Loading required package: parallel
    Quitting from lines 122-125 (varrank.Rmd)
    Error: processing vignette 'varrank.Rmd' failed with diagnostics:
    there is no package called 'FSelector'
    --- failed re-building ‘varrank.Rmd’
    
    SUMMARY: processing the following file failed:
     ‘varrank.Rmd’
    
    Error: Vignette re-building failed.
    Execution halted
Flavor: r-patched-solaris-x86