Last updated on 2020-12-04 00:48:37 CET.
Flavor | Version | Tinstall | Tcheck | Ttotal | Status | Flags |
---|---|---|---|---|---|---|
r-devel-linux-x86_64-debian-clang | 0.1.9 | 65.97 | 150.83 | 216.80 | OK | |
r-devel-linux-x86_64-debian-gcc | 0.1.9 | 46.35 | 128.52 | 174.87 | OK | |
r-devel-linux-x86_64-fedora-clang | 0.1.9 | 275.39 | NOTE | |||
r-devel-linux-x86_64-fedora-gcc | 0.1.9 | 257.31 | OK | |||
r-devel-windows-ix86+x86_64 | 0.1.9 | 144.00 | 241.00 | 385.00 | OK | |
r-patched-linux-x86_64 | 0.1.9 | 54.44 | 147.13 | 201.57 | OK | |
r-patched-solaris-x86 | 0.1.9 | 325.50 | OK | |||
r-release-linux-x86_64 | 0.1.9 | 54.74 | 146.84 | 201.58 | OK | |
r-release-macos-x86_64 | 0.1.9 | NOTE | ||||
r-release-windows-ix86+x86_64 | 0.1.9 | 106.00 | 264.00 | 370.00 | OK | |
r-oldrel-macos-x86_64 | 0.1.9 | NOTE | ||||
r-oldrel-windows-ix86+x86_64 | 0.1.9 | 117.00 | 281.00 | 398.00 | OK |
Version: 0.1.9
Check: installed package size
Result: NOTE
installed size is 5.9Mb
sub-directories of 1Mb or more:
libs 5.5Mb
Flavors: r-devel-linux-x86_64-fedora-clang, r-release-macos-x86_64, r-oldrel-macos-x86_64