CRAN Package Check Results for Package uwo4419

Last updated on 2020-12-04 00:48:37 CET.

Flavor Version Tinstall Tcheck Ttotal Status Flags
r-devel-linux-x86_64-debian-clang 0.3.0 10.42 100.66 111.08 OK
r-devel-linux-x86_64-debian-gcc 0.3.0 9.06 77.66 86.72 OK
r-devel-linux-x86_64-fedora-clang 0.3.0 133.64 NOTE
r-devel-linux-x86_64-fedora-gcc 0.3.0 127.04 NOTE
r-devel-windows-ix86+x86_64 0.3.0 26.00 91.00 117.00 OK
r-patched-linux-x86_64 0.3.0 10.63 93.10 103.73 OK
r-patched-solaris-x86 0.3.0 189.80 NOTE
r-release-linux-x86_64 0.3.0 10.67 90.86 101.53 OK
r-release-macos-x86_64 0.3.0 NOTE
r-release-windows-ix86+x86_64 0.3.0 19.00 106.00 125.00 OK
r-oldrel-macos-x86_64 0.3.0 NOTE
r-oldrel-windows-ix86+x86_64 0.3.0 23.00 115.00 138.00 OK

Check Details

Version: 0.3.0
Check: dependencies in R code
Result: NOTE
    Namespace in Imports field not imported from: ‘rio’
     All declared Imports should be used.
Flavors: r-devel-linux-x86_64-fedora-clang, r-devel-linux-x86_64-fedora-gcc, r-patched-solaris-x86, r-release-macos-x86_64, r-oldrel-macos-x86_64