CRAN Package Check Results for Package uuid

Last updated on 2020-12-04 00:48:37 CET.

Flavor Version Tinstall Tcheck Ttotal Status Flags
r-devel-linux-x86_64-debian-clang 0.1-4 7.38 23.36 30.74 OK
r-devel-linux-x86_64-debian-gcc 0.1-4 4.38 19.47 23.85 OK
r-devel-linux-x86_64-fedora-clang 0.1-4 41.35 NOTE
r-devel-linux-x86_64-fedora-gcc 0.1-4 31.03 NOTE
r-devel-windows-ix86+x86_64 0.1-4 20.00 31.00 51.00 OK
r-patched-linux-x86_64 0.1-4 4.77 24.02 28.79 OK
r-patched-solaris-x86 0.1-4 45.50 OK
r-release-linux-x86_64 0.1-4 5.18 21.35 26.53 OK
r-release-macos-x86_64 0.1-4 OK
r-release-windows-ix86+x86_64 0.1-4 17.00 29.00 46.00 OK
r-oldrel-macos-x86_64 0.1-4 OK
r-oldrel-windows-ix86+x86_64 0.1-4 31.00 47.00 78.00 OK

Additional issues

clang-UBSAN gcc-UBSAN

Check Details

Version: 0.1-4
Check: compiled code
Result: NOTE
    File ‘uuid/libs/uuid.so’:
     Found no calls to: ‘R_registerRoutines’, ‘R_useDynamicSymbols’
    
    It is good practice to register native routines and to disable symbol
    search.
    
    See ‘Writing portable packages’ in the ‘Writing R Extensions’ manual.
Flavors: r-devel-linux-x86_64-fedora-clang, r-devel-linux-x86_64-fedora-gcc