CRAN Package Check Results for Package utiml

Last updated on 2020-12-04 00:48:37 CET.

Flavor Version Tinstall Tcheck Ttotal Status Flags
r-devel-linux-x86_64-debian-clang 0.1.6 10.99 130.70 141.69 OK
r-devel-linux-x86_64-debian-gcc 0.1.6 9.72 99.50 109.22 OK
r-devel-linux-x86_64-fedora-clang 0.1.6 173.33 OK
r-devel-linux-x86_64-fedora-gcc 0.1.6 164.55 OK
r-devel-windows-ix86+x86_64 0.1.6 21.00 134.00 155.00 OK
r-patched-linux-x86_64 0.1.6 10.06 127.16 137.22 OK
r-patched-solaris-x86 0.1.6 228.70 NOTE
r-release-linux-x86_64 0.1.6 10.20 126.19 136.39 OK
r-release-macos-x86_64 0.1.6 OK
r-release-windows-ix86+x86_64 0.1.6 15.00 149.00 164.00 OK
r-oldrel-macos-x86_64 0.1.6 OK
r-oldrel-windows-ix86+x86_64 0.1.6 15.00 158.00 173.00 OK

Check Details

Version: 0.1.6
Check: package dependencies
Result: NOTE
    Packages suggested but not available for checking: 'FSelector', 'RWeka'
Flavor: r-patched-solaris-x86