CRAN Package Check Results for Package utile.tools

Last updated on 2020-12-04 00:48:37 CET.

Flavor Version Tinstall Tcheck Ttotal Status Flags
r-devel-linux-x86_64-debian-clang 0.2.6 2.67 24.90 27.57 OK
r-devel-linux-x86_64-debian-gcc 0.2.6 2.14 22.16 24.30 OK
r-devel-linux-x86_64-fedora-clang 0.2.6 38.40 NOTE
r-devel-linux-x86_64-fedora-gcc 0.2.6 29.22 OK
r-devel-windows-ix86+x86_64 0.2.6 5.00 32.00 37.00 OK
r-patched-linux-x86_64 0.2.6 3.03 24.65 27.68 OK
r-patched-solaris-x86 0.2.6 44.00 OK
r-release-linux-x86_64 0.2.6 2.78 26.99 29.77 OK
r-release-macos-x86_64 0.2.6 OK
r-release-windows-ix86+x86_64 0.2.6 4.00 40.00 44.00 OK
r-oldrel-macos-x86_64 0.2.6 OK
r-oldrel-windows-ix86+x86_64 0.2.6 3.00 39.00 42.00 OK

Check Details

Version: 0.2.6
Check: Rd cross-references
Result: NOTE
    Undeclared package ‘dplyr’ in Rd xrefs
Flavor: r-devel-linux-x86_64-fedora-clang