CRAN Package Check Results for Package ustyc

Last updated on 2020-12-04 00:48:37 CET.

Flavor Version Tinstall Tcheck Ttotal Status Flags
r-devel-linux-x86_64-debian-clang 1.0.0 3.85 31.84 35.69 NOTE
r-devel-linux-x86_64-debian-gcc 1.0.0 3.06 26.45 29.51 NOTE
r-devel-linux-x86_64-fedora-clang 1.0.0 48.97 NOTE
r-devel-linux-x86_64-fedora-gcc 1.0.0 39.25 NOTE
r-devel-windows-ix86+x86_64 1.0.0 7.00 40.00 47.00 NOTE
r-patched-linux-x86_64 1.0.0 3.47 32.48 35.95 NOTE
r-patched-solaris-x86 1.0.0 67.10 NOTE
r-release-linux-x86_64 1.0.0 3.73 34.97 38.70 NOTE
r-release-macos-x86_64 1.0.0 NOTE
r-release-windows-ix86+x86_64 1.0.0 6.00 50.00 56.00 NOTE
r-oldrel-macos-x86_64 1.0.0 NOTE
r-oldrel-windows-ix86+x86_64 1.0.0 6.00 47.00 53.00 NOTE

Check Details

Version: 1.0.0
Check: DESCRIPTION meta-information
Result: NOTE
    Malformed Title field: should not end in a period.
Flavors: r-devel-linux-x86_64-debian-clang, r-devel-linux-x86_64-debian-gcc, r-devel-linux-x86_64-fedora-clang, r-devel-linux-x86_64-fedora-gcc, r-devel-windows-ix86+x86_64, r-patched-linux-x86_64, r-patched-solaris-x86, r-release-linux-x86_64, r-release-macos-x86_64, r-release-windows-ix86+x86_64, r-oldrel-macos-x86_64, r-oldrel-windows-ix86+x86_64