CRAN Package Check Results for Package userfriendlyscience

Last updated on 2020-12-04 00:48:37 CET.

Flavor Version Tinstall Tcheck Ttotal Status Flags
r-devel-linux-x86_64-debian-clang 0.7.2 35.29 263.57 298.86 OK
r-devel-linux-x86_64-debian-gcc 0.7.2 24.86 198.07 222.93 OK
r-devel-linux-x86_64-fedora-clang 0.7.2 354.42 NOTE
r-devel-linux-x86_64-fedora-gcc 0.7.2 362.06 OK
r-devel-windows-ix86+x86_64 0.7.2 67.00 253.00 320.00 OK
r-patched-linux-x86_64 0.7.2 27.27 242.38 269.65 OK
r-patched-solaris-x86 0.7.2 434.10 OK
r-release-linux-x86_64 0.7.2 26.34 243.82 270.16 OK
r-release-macos-x86_64 0.7.2 OK
r-release-windows-ix86+x86_64 0.7.2 50.00 284.00 334.00 OK
r-oldrel-macos-x86_64 0.7.2 OK
r-oldrel-windows-ix86+x86_64 0.7.2 60.00 310.00 370.00 OK

Check Details

Version: 0.7.2
Check: package dependencies
Result: NOTE
    Imports includes 32 non-default packages.
    Importing from so many packages makes the package vulnerable to any of
    them becoming unavailable. Move as many as possible to Suggests and
    use conditionally.
Flavor: r-devel-linux-x86_64-fedora-clang