CRAN Package Check Results for Package upsetjs

Last updated on 2020-12-04 00:48:37 CET.

Flavor Version Tinstall Tcheck Ttotal Status Flags
r-devel-linux-x86_64-debian-clang 1.6.0 3.60 45.36 48.96 OK
r-devel-linux-x86_64-debian-gcc 1.6.0 3.48 34.55 38.03 OK
r-devel-linux-x86_64-fedora-clang 1.6.0 60.67 OK
r-devel-linux-x86_64-fedora-gcc 1.6.0 52.84 OK
r-devel-windows-ix86+x86_64 1.6.0 8.00 53.00 61.00 OK
r-patched-linux-x86_64 1.6.0 4.04 41.34 45.38 OK
r-patched-solaris-x86 1.6.0 74.10 WARN
r-release-linux-x86_64 1.6.0 3.74 43.51 47.25 OK
r-release-macos-x86_64 1.6.0 WARN
r-release-windows-ix86+x86_64 1.6.0 6.00 66.00 72.00 OK
r-oldrel-macos-x86_64 1.6.0 WARN
r-oldrel-windows-ix86+x86_64 1.6.0 5.00 61.00 66.00 OK

Check Details

Version: 1.6.0
Check: re-building of vignette outputs
Result: WARN
    Error(s) in re-building vignettes:
     ...
    --- re-building ‘basic.Rmd’ using rmarkdown
    Warning in engine$weave(file, quiet = quiet, encoding = enc) :
     Pandoc (>= 1.12.3) and/or pandoc-citeproc not available. Falling back to R Markdown v1.
    Quitting from lines 38-42 (basic.Rmd)
    Error: processing vignette 'basic.Rmd' failed with diagnostics:
    there is no package called 'webshot'
    --- failed re-building ‘basic.Rmd’
    
    --- re-building ‘colors.Rmd’ using rmarkdown
    Warning in engine$weave(file, quiet = quiet, encoding = enc) :
     Pandoc (>= 1.12.3) and/or pandoc-citeproc not available. Falling back to R Markdown v1.
    Quitting from lines 38-40 (colors.Rmd)
    Error: processing vignette 'colors.Rmd' failed with diagnostics:
    there is no package called 'webshot'
    --- failed re-building ‘colors.Rmd’
    
    --- re-building ‘combinationModes.Rmd’ using rmarkdown
    Warning in engine$weave(file, quiet = quiet, encoding = enc) :
     Pandoc (>= 1.12.3) and/or pandoc-citeproc not available. Falling back to R Markdown v1.
    Quitting from lines 53-55 (combinationModes.Rmd)
    Error: processing vignette 'combinationModes.Rmd' failed with diagnostics:
    there is no package called 'webshot'
    --- failed re-building ‘combinationModes.Rmd’
    
    --- re-building ‘got.Rmd’ using rmarkdown
    Warning in engine$weave(file, quiet = quiet, encoding = enc) :
     Pandoc (>= 1.12.3) and/or pandoc-citeproc not available. Falling back to R Markdown v1.
    Quitting from lines 33-34 (got.Rmd)
    Error: processing vignette 'got.Rmd' failed with diagnostics:
    there is no package called 'webshot'
    --- failed re-building ‘got.Rmd’
    
    --- re-building ‘kmap.Rmd’ using rmarkdown
    Warning in engine$weave(file, quiet = quiet, encoding = enc) :
     Pandoc (>= 1.12.3) and/or pandoc-citeproc not available. Falling back to R Markdown v1.
    Quitting from lines 28-32 (kmap.Rmd)
    Error: processing vignette 'kmap.Rmd' failed with diagnostics:
    there is no package called 'webshot'
    --- failed re-building ‘kmap.Rmd’
    
    --- re-building ‘venn.Rmd’ using rmarkdown
    Warning in engine$weave(file, quiet = quiet, encoding = enc) :
     Pandoc (>= 1.12.3) and/or pandoc-citeproc not available. Falling back to R Markdown v1.
    Quitting from lines 28-32 (venn.Rmd)
    Error: processing vignette 'venn.Rmd' failed with diagnostics:
    there is no package called 'webshot'
    --- failed re-building ‘venn.Rmd’
    
    SUMMARY: processing the following files failed:
     ‘basic.Rmd’ ‘colors.Rmd’ ‘combinationModes.Rmd’ ‘got.Rmd’ ‘kmap.Rmd’
     ‘venn.Rmd’
    
    Error: Vignette re-building failed.
    Execution halted
Flavor: r-patched-solaris-x86

Version: 1.6.0
Check: re-building of vignette outputs
Result: WARN
    Error(s) in re-building vignettes:
    --- re-building ‘basic.Rmd’ using rmarkdown
    Warning in engine$weave(file, quiet = quiet, encoding = enc) :
     Pandoc (>= 1.12.3) and/or pandoc-citeproc not available. Falling back to R Markdown v1.
    Quitting from lines 38-42 (basic.Rmd)
    Error: processing vignette 'basic.Rmd' failed with diagnostics:
    cannot open the connection
    --- failed re-building ‘basic.Rmd’
    
    --- re-building ‘colors.Rmd’ using rmarkdown
    Warning in engine$weave(file, quiet = quiet, encoding = enc) :
     Pandoc (>= 1.12.3) and/or pandoc-citeproc not available. Falling back to R Markdown v1.
    Quitting from lines 38-40 (colors.Rmd)
    Error: processing vignette 'colors.Rmd' failed with diagnostics:
    cannot open the connection
    --- failed re-building ‘colors.Rmd’
    
    --- re-building ‘combinationModes.Rmd’ using rmarkdown
    Warning in engine$weave(file, quiet = quiet, encoding = enc) :
     Pandoc (>= 1.12.3) and/or pandoc-citeproc not available. Falling back to R Markdown v1.
    Quitting from lines 53-55 (combinationModes.Rmd)
    Error: processing vignette 'combinationModes.Rmd' failed with diagnostics:
    cannot open the connection
    --- failed re-building ‘combinationModes.Rmd’
    
    --- re-building ‘got.Rmd’ using rmarkdown
    Warning in engine$weave(file, quiet = quiet, encoding = enc) :
     Pandoc (>= 1.12.3) and/or pandoc-citeproc not available. Falling back to R Markdown v1.
    Quitting from lines 33-34 (got.Rmd)
    Error: processing vignette 'got.Rmd' failed with diagnostics:
    cannot open the connection
    --- failed re-building ‘got.Rmd’
    
    --- re-building ‘kmap.Rmd’ using rmarkdown
    Warning in engine$weave(file, quiet = quiet, encoding = enc) :
     Pandoc (>= 1.12.3) and/or pandoc-citeproc not available. Falling back to R Markdown v1.
    Quitting from lines 28-32 (kmap.Rmd)
    Error: processing vignette 'kmap.Rmd' failed with diagnostics:
    cannot open the connection
    --- failed re-building ‘kmap.Rmd’
    
    --- re-building ‘venn.Rmd’ using rmarkdown
    Warning in engine$weave(file, quiet = quiet, encoding = enc) :
     Pandoc (>= 1.12.3) and/or pandoc-citeproc not available. Falling back to R Markdown v1.
    Quitting from lines 28-32 (venn.Rmd)
    Error: processing vignette 'venn.Rmd' failed with diagnostics:
    cannot open the connection
    --- failed re-building ‘venn.Rmd’
    
    SUMMARY: processing the following files failed:
     ‘basic.Rmd’ ‘colors.Rmd’ ‘combinationModes.Rmd’ ‘got.Rmd’ ‘kmap.Rmd’
     ‘venn.Rmd’
    
    Error: Vignette re-building failed.
    Execution halted
Flavors: r-release-macos-x86_64, r-oldrel-macos-x86_64